0. Determine u(f).
26
Let w(l) = 2*l**2 - 3*l. Let x(i) = 22*i**2 - 28*i - 6. Let r(b) = 10*w(b) - x(b). Determine r(-3).
-6
Suppose -4*p - 2*g = -26, -g - 21 = -p - 7. Let m(o) = 0*o**2 - 3*o + p - 7*o + 0*o + o**2. What is m(10)?
9
Let j(t) = 2*t**3 + 7*t**2 - 9*t + 2. Let q be j(1). Let u(x) = -x**3 + 2*x**2 - 2*x - 2. Give u(q).
-6
Let q(x) = -118*x - 359. Suppose 1256 = -12*c + 1220. Determine q(c).
-5
Let j = -1387 - -1364. Let g(r) = -r**2 - 21*r + 23. Calculate g(j).
-23
Suppose -9*a + 34 = -6*a - 5*l, -a = -5*l - 28. Let o = -3 + 0. Let r be 2*(a + -3 + o/2). Let q(y) = -y**2 - 2*y + 1. Determine q(r).
-2
Let x(w) be the first derivative of w**4/3 - w**3/3 + 75*w**2/2 + 81. Let c(l) be the second derivative of x(l). What is c(2)?
14
Let h(p) = -3*p**2 - p - 4. Let t be h(-4). Let s = 50 + t. Let g(l) = -l**s - 7 + 3*l + 9 - 1. Determine g(4).
-3
Suppose -3*p - d = -213 + 87, 0 = -4*p - 2*d + 166. Let y(g) = -3*g**2 + 129*g - 16. Give y(p).
-16
Let i(o) be the first derivative of 31*o**2/2 - o - 1201. Give i(1).
30
Let l(j) be the second derivative of j**5/20 - j**4/12 - 5*j**3/6 - 3*j**2/2 + 257*j. What is l(-1)?
0
Let v(c) be the third derivative of c**5/60 - c**4/12 - 15*c**3/2 + 10*c**2 + 4. Let u(t) be the first derivative of v(t). What is u(5)?
8
Let w(s) be the first derivative of -5*s**4/24 + s**3/2 - 41*s**2/2 + 106. Let x(p) be the second derivative of w(p). Let g be 1*(3 - 1) - -1. Calculate x(g).
-12
Let f(k) = -2*k. Let u = -11 - -55. Let q = 41 - u. Let d be (4/(-6))/(q/9). Calculate f(d).
-4
Let l(q) = -271*q - 505. Let k(t) = -95*t - 168. Let r(m) = 17*k(m) - 6*l(m). What is r(-16)?
-2
Let t(p) = -p**3 + 1. Let d(f) = -3*f**3 - f**2 - f - 16. Let a(n) = -d(n) + 4*t(n). Let m be 2/(-4)*(-8 - -17 - 9). What is a(m)?
20
Let g(i) = 50*i**3 - 13*i**2 - 93*i - 82. Let l(o) = -23*o**3 + 7*o**2 + 46*o + 37. Let x(m) = -6*g(m) - 13*l(m). Determine x(-7).
-3
Suppose -204 = 241*p - 190*p. Let z be (-12)/9*(-6)/4. Let g(m) = z + 4*m + m**2 - 5*m**2 + 6*m**2. Determine g(p).
18
Let w(n) be the first derivative of 1 + 0*n + 1/360*n**6 - 1/8*n**4 + 0*n**2 + 1/24*n**5 + 16/3*n**3. Let y(p) be the third derivative of w(p). Determine y(-5).
-3
Let j(m) = 11*m - 22. Let z(h) = 13*h - 31. Let p(f) = 6*j(f) - 5*z(f). Give p(9).
32
Let x(m) = 2*m - 16. Let k = -22 + -1. Let j = -11 - k. Let w be x(j). Let v(l) = -l**3 + 8*l**2 + 7. Calculate v(w).
7
Suppose -109*h + 113*h + 10 = 2*o, 2*o + 17 = -5*h. Let p(n) = 26*n**3 - n**2 + 2*n + 2. What is p(o)?
-27
Suppose 10*o - 6*o = 0. Let c be 2/9 - ((-183)/27 + 2). Let x(y) = -109 - 6*y + c*y + 87. Calculate x(o).
-22
Suppose 0 = -25*a + 44 + 31. Let z(w) be the third derivative of 0*w**a + 1/24*w**4 - 19*w**2 + 0*w + 0. Give z(-6).
-6
Let r(f) = -24*f**3 - f + 1. Suppose 29174 = -10*u - 19*u. Let c = -1005 - u. Calculate r(c).
-24
Let h(p) = -2*p - 2*p**2 + p**2 - 8 - 4*p. Suppose -13*l + 33*l + 84 = -l. What is h(l)?
0
Let n(k) be the first derivative of k**3/3 + 25*k**2/2 + 2*k - 41. Let t be n(-25). Let c(s) = s**2 + 2*s - 4. Calculate c(t).
4
Let a = 160 + -156. Suppose a*m + 8 = 5*o + 2, 0 = 3*o - 5*m - 14. Let i(p) = 2*p**3 - 3*p - 2. Calculate i(o).
-12
Let g(i) = 13*i + 77. Suppose -6 + 16 = -4*c - 14. Give g(c).
-1
Let t(u) = -3*u**2 - 7*u + 12. Suppose -y = y + 64. Let p = 36 + y. Let m(f) = -7*f**2 - 14*f + 24. Let c(j) = p*m(j) - 9*t(j). Give c(8).
-20
Let r(t) = t**3 + 8*t**2 + 6*t - 10. Let i = 59 + -66. Calculate r(i).
-3
Suppose -3 + 6 = -a - 2*r, 3*r = 5*a - 50. Let i(u) be the first derivative of -u**4/4 + 8*u**3/3 - 4*u**2 + 8*u + 95. Determine i(a).
1
Let v(l) = l**3 - 25*l**2 - 85*l + 37. Let n = -4884 + 4912. Give v(n).
9
Let x(z) = -z**2 - 2*z + 53. Let j(a) = 2*a**2 + 4*a - 105. Let g(l) = -6*j(l) - 13*x(l). Let i be g(0). Let b = 60 + i. Let t(f) = 8*f**2. Determine t(b).
8
Let r(a) = a**2 - a. Suppose 3*f = -26*f + 87. Let p(i) be the third derivative of i**5/60 - i**4/12 - i**2. Let q be p(f). Give r(q).
6
Suppose -185*l + 198*l - 104 = 0. Let a(d) = -2*d**2 + 15*d - 17. Give a(l).
-25
Let j(b) = -7*b - 1. Let m(s) = 8*s. Suppose i - 121 = -128. Let o(g) = i*j(g) - 6*m(g). Calculate o(0).
7
Suppose 788 = 9*v - 904. Suppose -4 = -184*d + v*d. Let s(g) = -3*g**2 - g - 1. What is s(d)?
-3
Suppose 9 = 5*j + 4. Suppose -2*h + y + 7 = -0*y, 4*h = 5*y - j. Let n(s) = -h - 11*s**2 + 5 + 10*s**2. Determine n(-1).
-2
Let n(c) be the third derivative of 7*c**5/15 + 5*c**4/24 - 2*c**3/3 + c**2 - 2521. Calculate n(1).
29
Suppose 3362*w = 3381*w - 95. Let n(s) = -13*s + 77. Calculate n(w).
12
Suppose 5*g = g + 12. Let i(f) = 109 + f**2 + f**g + 3*f - 114 - 6*f**2. Let j(a) = -a + 5. Let n be j(0). What is i(n)?
10
Let r(y) = 10*y + 8860 - 9187 + 26*y. Calculate r(9).
-3
Let v(t) = 1787*t + 36*t**2 + 39*t**2 - 1774*t - 76*t**2 - 3. Calculate v(13).
-3
Let w(v) be the second derivative of -v**4/12 - 4*v**3/3 + 9*v**2/2 + v. Suppose 556*q - 978 = 550*q. Let u = 155 - q. Give w(u).
9
Let z(u) = -u - 1. Let c be (10/20)/((-1)/18). Give z(c).
8
Let v(x) = x**2 - 8*x + 8. Let r be ((-27)/18)/(-1)*(-48)/(-18). Give v(r).
-8
Suppose 194 = -5*d - 491. Let p = 150 + d. Let m(c) = 9*c + 5 + c**2 + p*c - 14*c. What is m(-5)?
-10
Let s(g) = -30*g + 30. Let f = 16191 + -16190. Determine s(f).
0
Let b(a) = -a**2 - 4*a - 3. Let d be b(0). Let u(r) = 4*r**2 + 4 - 19*r**3 + 20*r**3 + 4*r + r. What is u(d)?
-2
Let a(u) = 2 + u**3 - 2*u**2 - 72*u + 77*u - 6*u**2 - 2*u**3 + 3*u**2. Give a(-3).
-31
Let d = 13591 + -13586. Let s(y) be the third derivative of 0 - 4*y**2 - 5/6*y**3 + 1/4*y**4 + 1/60*y**d + 0*y. What is s(-6)?
-5
Let h(m) = -14*m + 117. Let r be (-142)/213 - (-116)/12. Calculate h(r).
-9
Let o(a) be the third derivative of -a**5/60 + a**4/8 - 2*a**3 + a**2 + 777*a - 5. Calculate o(8).
-52
Let k(l) = -3*l + 6*l - 5*l + 26 + 9. Let p be k(15). Let r(w) = w + 1 - p + 6 + 2. Give r(0).
4
Let c(i) = -5*i**3 - i - 4*i**3 + 6*i**3 + 4172*i**2 - 9 - 4174*i**2 + 5*i**3. Determine c(-4).
-165
Let p(u) = 2*u - 25. Suppose -2*h - 16 + 6 = -2*m, -4*h + 13 = -m. Give p(m).
-3
Let a(f) = -8*f**2 + f - 1. Suppose -3*g + 27 = g + 23*g. Determine a(g).
-8
Let f = 40 + -24. Suppose -3*m = -2*g + 4, -m - m + 4*g = f. Let l(k) = -k + 1 + m + 5 - 12. Give l(4).
-8
Let x(i) = 3*i - 3. Let v = 58 - 32. Suppose -22*h + v*h + 116 = 0. Let z = 31 + h. Calculate x(z).
3
Let o(t) = -t**2 + t. Let g(a) = -2*a**2 - 4*a - 36. Let x(i) = i**2 + 2*i + 17. Let k(h) = 6*g(h) + 13*x(h). Let l(n) = k(n) + 2*o(n). What is l(6)?
-7
Let v(k) = 2*k**2 - 6 - 9*k - k**2 + k**3 + 5. Let y be 30 + (-15)/((-750)/(-1700)). Determine v(y).
-13
Let n(i) = 220*i**2 - 1677 - 192*i**2 + 1669 + 7*i. What is n(1)?
27
Let j(a) = -a + 10. Let o(r) = -2*r**3 - 106*r**2 - 87*r + 900. Let h be o(-52). Determine j(h).
-6
Let w(m) = 3*m**3 - 2*m**2 + 3*m - 2. Let o be w(1). Suppose -3*c = -o*c + 3*y - 45, 0 = -3*y. Let t = -42 + c. Let p(j) = -j + 3. Determine p(t).
0
Let w(m) = -m**3 + 8*m**2 + 3*m + 17. Suppose 4*l + 2*k - 26 = 0, 3*k + 6 + 9 = 0. Determine w(l).
-37
Suppose o - 19 = -2*q, -9*q = -11*q - 3*o + 9. Let a(t) be the third derivative of -t**4/24 + t**3 - 2*t**2. What is a(q)?
-6
Let f(h) be the second derivative of h**5/20 + 7*h**2/2 + 5*h. Let u(x) = -x**2 + 6*x + 5. Let c be u(6). Suppose c*l + q = 1, -2*q + 2 = l + l. Determine f(l).
7
Suppose -82 + 96 = 2*a. Suppose -2*h - 45 = a*h. Let r(y) be the second derivative of y**5/20 + 5*y**4/12 + y**3/6 - 3*y**2 - 11*y. Give r(h).
-11
Let y(m) = -49*m**2 - 54*m - 223. Let l(u) = -10*u**2 - 1. Let f(d) = 5*l(d) - y(d). What is f(58)?
-14
Suppose 0 = 5*m - 20, -s + m - 3 = -1. Let i(k) be the third derivative of k**4/24 - 2*k**3/3 - 39*k**2 - 6*k - 1. Calculate i(s).
-2
Let b be (28 - -2)*(-24)/18. Let d = 40 + b. Suppose 2*r = -d*r - 4. Let g(z) = -z**2 - z + 2. Determine g(r).
0
Let a(z) be the first derivative of 2*z**2 - 18*z - 5481. Calculate a(20).
62
Let g = 343 - 353. Let b(o) = -o**3 - 8*o**2 + 20*o + 4. Let d be b(g). Let h(u) = -3*u + 2. Determine h(d).
-10
Let b(g) = -g - 12. Suppose 4*r - 20 = -3*o, 5*o + 5*r - 41 = -16. Let n = 16 + 9. Suppose o = 6*a + 11 + n. What is b(a)?
-6
Let u(q) = -4*q + 0*q**3 + 0*q**3 + q**3 - 3*q**2 + 5. Let h = -9 + 9. Let b be -7 + (5 - -1) + h +